s the hundreds digit of t?
7
Let h(p) = -2*p**2 - p + 7. Let x be h(2). What is the tens digit of 33/(63/20 + x)?
2
Let b be ((-2)/(-4))/((-9)/54). Let k = -107 - b. Let r = -74 - k. What is the units digit of r?
0
Let b(h) = h**2 - 5*h - 8. Let r be b(7). Let t be (4 - 5)*(2 + -1). What is the units digit of (t - 10/(-2))*r?
4
Suppose -6*j = -43 + 13. Suppose j*w + 77 = 6*w. What is the units digit of w?
7
Let m(k) = -23*k - 11. Let a be m(-21). Suppose 4*r + 4*r = a. What is the units digit of r?
9
Suppose h = -3*h. Suppose h = 4*l - 32. Suppose -f + 101 = 4*a, 4*a - 3*f + l*f - 105 = 0. What is the units digit of a?
5
Suppose 2*q = -3*q - 3*n + 1473, 0 = 5*n - 5. What is the tens digit of q?
9
Let d(s) = s**3 + 3*s**2 + 2*s + 2. Let t be d(-2). What is the tens digit of 57/t*(-4)/(-6)?
1
Let a(w) = -w**3 - 10*w**2 - 9*w - 6. Let n be a(-9). Let p be 1/(-3)*(0 + n). Suppose -h = -4*y + 144, 4*h = -0*y + p*y - 58. What is the units digit of y?
7
Let y be (-2 - 0)*15/(-10). Let b be 7 + (-5 + y - 0). Let v(f) = f**3 - 3*f**2 - 4*f - 5. What is the units digit of v(b)?
5
Let p be (14/(-4))/((-1)/2). Suppose 3*f = p*f + 96. Let x = 3 - f. What is the units digit of x?
7
Let g be ((-2)/(-6))/(((-15)/18)/5). What is the tens digit of (11*g)/((-11)/44)?
8
Let t = -1175 + 3629. What is the hundreds digit of t?
4
Let w be (-4)/5*(1702/(-4) - 2). Suppose 0 = 5*s - 288 - w. What is the hundreds digit of s?
1
Suppose 0 = -5*g - 3*q - 7, -2*q = -g + q + 13. Let a = g - -46. What is the units digit of a?
7
Suppose -15*d + 26*d - 3674 = 0. What is the units digit of d?
4
Let a(c) be the third derivative of c**5/30 - 23*c**4/24 + 6*c**3 + 43*c**2. What is the tens digit of a(18)?
7
Let o(q) = -17*q + 14. Let c(x) = x**3 - 6*x**2 + 5*x - 6. Let f be c(5). What is the tens digit of o(f)?
1
Suppose 0 = -0*p - 8*p + 4160. What is the hundreds digit of p?
5
Suppose -2*b = -n + 3, -4*b = -2*b + 2. Let g be 0/n + (-38)/(-2). Suppose g = x - 0*x. What is the units digit of x?
9
Suppose 0*o + 3*o - 33 = 0. Let p = -5 + o. What is the units digit of p - (2 - 1) - 2?
3
Let g be (358/(-4))/((-4)/16). Suppose -3*t + g = 2*x - t, -5*x - 3*t + 903 = 0. Suppose d - x = -2*d. What is the tens digit of d?
6
Suppose -4*f = -2*k + 2702, 9*f = -3*k + 7*f + 4045. What is the thousands digit of k?
1
Suppose 0 = 3*p + 3. What is the units digit of ((4*p)/(-4)*-43)/(-1)?
3
Let f = -687 - -1196. What is the tens digit of f?
0
Let j(c) = -c**3 + 8*c**2 - c + 9. Let v be j(8). Suppose v = 2*q - 7. Suppose 2*t = -5*h + 139, 0 = -q*h - t + 6*t + 98. What is the tens digit of h?
2
Let a(h) = -452*h + 1. What is the hundreds digit of a(-1)?
4
Suppose 0 = 4*g - 16996 - 1828. What is the units digit of g?
6
Let g be ((-38)/3)/((-2)/3). Let w be 8 + -5 - (-1 - g). Suppose 2*n - 15 = 4*l + w, -6 = -2*l. What is the tens digit of n?
2
Let h(r) = -r + 1. Let v be h(-4). Suppose -357 = -v*j - 67. What is the tens digit of j?
5
Suppose -7370 = -10*n + 1250. What is the hundreds digit of n?
8
Suppose -3 = 3*n, 2*n + 1784 = 3*f - 0*f. What is the hundreds digit of f?
5
What is the units digit of 9 + ((-47880)/(-10))/6?
7
Let g be 1605/18 + 3/(-18). Let c = g + 16. What is the hundreds digit of c?
1
What is the tens digit of ((98/(-21))/1)/((-2)/66)?
5
Let z = -18 + 16. Let r(g) = -3*g**2 - 4*g - 3. Let u be r(z). Let j = u + 47. What is the tens digit of j?
4
Let w = -13 + 19. Let m(y) = -y + 9. Let f be m(w). Suppose -2*a - 2 = 2*v, a + f*v + 3 = -8. What is the units digit of a?
4
Let x(q) = -35*q**3 + 2*q**2 - 1. Suppose 15*c - 19*c = 4. What is the tens digit of x(c)?
3
Let q(w) = 29*w + 24. What is the tens digit of q(6)?
9
Let d = 1751 + -67. What is the units digit of d?
4
Let w(u) = -u**2 + 4*u. Let z(j) = -j**2 + 5*j - 2. Let r be z(3). Let f be w(r). What is the units digit of (6 + f)/(12/8)?
4
Let t(v) = -v**3 - 9*v**2 - 12*v + 1. Let u(l) = l**3 + 10*l**2 + 13*l - 1. Let a(y) = 6*t(y) + 5*u(y). What is the tens digit of a(-5)?
6
Let c be ((-2)/(-6))/((-12)/72). What is the tens digit of 747/(-18)*(c - 0)?
8
Suppose -5*g + 15 = 0, 3*g - 8*g + 1239 = 4*x. What is the tens digit of x?
0
Let w(l) = -7*l**3 + 4*l**2 - 20*l + 11. Let p(d) = d**3 + d**2. Let n(m) = -6*p(m) - w(m). What is the units digit of n(8)?
1
Let k(u) = -2*u + 2. Let i be k(1). Suppose -r + n - 1786 = i, 6*r + 3*n = 2*r - 7116. What is the tens digit of r/(-45) + 3/(-5)?
3
Suppose -4*j + 4852 - 1716 = 0. Suppose 15*s - 19*s = -j. What is the units digit of s?
6
Let w be 103048/(-28) + 4*2/28. What is the units digit of (0 + 15/(-4))/(60/w)?
0
Suppose 0 = 8*r - 4*r - 532. Suppose -2*s = 5*o - 251, 41 = -2*o + 2*s + r. What is the units digit of o?
9
Suppose -13 = -4*z - 5. Suppose -z*m + 13 - 1 = 0. Suppose q - m*q = -45. What is the units digit of q?
9
Suppose 13 = -f + x + 34, 76 = 4*f + 4*x. Suppose -90 = -2*s - 0*s. Let m = s - f. What is the units digit of m?
5
Suppose -65*w + 56*w + 24462 = 0. What is the hundreds digit of w?
7
Let j = -1 + -1. Let s(f) = -5*f - 1. Let z be s(j). Suppose 2*b - z = 3*r - 55, -3*r + 4*b + 44 = 0. What is the tens digit of r?
1
Let g be (-20)/190 - 33064/(-38). Suppose -3*m + 4*f = -0*m - g, 0 = 3*f + 9. What is the tens digit of m?
8
Let p(s) = s**2. Let w(c) = -4*c**2 + 6*c + c**2 - 8*c - 2 - 4*c. Let l(u) = -4*p(u) - w(u). What is the units digit of l(5)?
7
Let z(m) = 2*m**3 - 9*m**2 + 3*m + 6. Let d = 18 - 12. Let p be z(d). Suppose 0 = -3*v + 5*k + p, k = v - 2*k - 48. What is the units digit of v?
9
Let i be -5*(-1 + 10/25). Suppose -2*a - 76 = 4*x - 0*a, -3*a = -5*x - 106. What is the tens digit of i/2 - 690/x?
3
Let k = 719 - 376. Suppose -k = -4*t - 3*t. What is the units digit of t?
9
Let j = -18 + 33. Suppose j*a = 13*a + 128. What is the tens digit of a?
6
Let v(p) = -3*p**2 - 4*p + 1500. What is the tens digit of v(0)?
0
Let h(m) = -m**2 - 5*m + 2. Let x be h(-4). Suppose 2*n = x - 2. Suppose -32 - 56 = -n*f. What is the tens digit of f?
4
Let b = -64 + 49. What is the units digit of (-1 + (-9)/b)/((-4)/1220)?
2
Let b = 3515 - 2228. What is the thousands digit of b?
1
What is the units digit of 2370/2*(-10)/(-25)?
4
Let k(r) = -603*r - 152. What is the thousands digit of k(-2)?
1
Suppose -59*z + 55*z = -2*q - 990, -z + 2*q = -240. What is the tens digit of z?
5
What is the hundreds digit of (-423)/(-36)*12/(-9)*-30?
4
Let k(p) = 2*p - 3. Let i be k(9). Let y = 3 + i. Let c = y - 9. What is the units digit of c?
9
Let k = -521 + 1803. What is the thousands digit of k?
1
Suppose r + 520 = 5*m, -m + 30 = 3*r - 90. What is the hundreds digit of m?
1
What is the tens digit of (-88)/(-8) + -6 - -854?
5
Suppose 4 = 22*z - 20*z. Suppose -5*j + 10 = 0, 3*n - 5*j = -z*j + 369. What is the hundreds digit of n?
1
Suppose 8*u - 14*u = -1272. What is the units digit of u?
2
Let l(j) = -j**2 - j + 20. Let i be l(0). Let n = 24 - i. Suppose n*r = 3*v + 3*r - 133, -r = -2*v + 89. What is the units digit of v?
4
Let q(x) = 4*x**2 + 5*x + 18. What is the tens digit of q(-14)?
3
Let p be (18/(-3))/((-1)/4). Suppose p + 38 = r. What is the units digit of r?
2
Suppose 5*f + 3*t + 2*t = -10, t + 10 = 3*f. Suppose -7*a + f*a + 175 = 0. What is the units digit of a?
5
Let v = -495 + 1315. What is the units digit of v?
0
Suppose 13*k - 144 - 38 = 0. Let w = 60 + k. What is the units digit of w?
4
Let y(w) = -34*w - 3. Let b be (-1)/((-5)/(-2))*5. Let v be y(b). Suppose 4*k - 67 = -x - 8, 4*k - 5*x - v = 0. What is the tens digit of k?
1
Suppose 538 + 8 = -13*g. What is the hundreds digit of 2*g/28*(-103 + 0)?
3
Suppose 8 = -4*c, 10*c + 368 = 4*j + 6*c. What is the units digit of j?
0
What is the units digit of (505/10)/((-4)/(-104))?
3
Suppose 0*d = -d + 785. What is the tens digit of d?
8
Let i = -60 + 111. Let r = i + -23. What is the units digit of r?
8
Suppose o = s - 4*o - 8, s + 4*o = -1. Suppose 0*w = -w - s. What is the tens digit of w/12 + (-194)/(-8)?
2
Suppose -11*n + 2*v = -14*n + 4395, n = 5*v + 1448. What is the thousands digit of n?
1
Suppose 5*u - 69 = -2*o, 15 = -4*u + 6*u + 5*o. Suppose -2*w + 3*z + 100 - 20 = 0, -z = -w + 42. Let v = w - u. What is the units digit of v?
1
Let q(s) = -570*s**3 - 4*s**2 - 5*s + 5. What is the hundreds digit of q(-2)?
5
Let r(u) = -u - 4. Let v